{"id":133,"date":"2015-06-28T13:35:44","date_gmt":"2015-06-28T13:35:44","guid":{"rendered":"http:\/\/www.triathlonlangognenaussac.fr\/?page_id=133"},"modified":"2023-05-04T21:37:38","modified_gmt":"2023-05-04T21:37:38","slug":"circulation-parcs-a-velos","status":"publish","type":"page","link":"http:\/\/www.triathlonlangognenaussac.fr\/?page_id=133","title":{"rendered":"Circulation Parcs \u00e0 V\u00e9los"},"content":{"rendered":"<p>Voila le sens de circulation dans les parcs \u00e0 v\u00e9los.<\/p>\n<p><a href=\"http:\/\/www.triathlonlangognenaussac.fr\/?attachment_id=1964\" rel=\"attachment wp-att-1964\"><img loading=\"lazy\" decoding=\"async\" class=\"aligncenter size-full wp-image-1964\" src=\"http:\/\/www.triathlonlangognenaussac.fr\/wp-content\/uploads\/2023\/05\/Circulation-PAV.png\" alt=\"\" width=\"690\" height=\"611\" srcset=\"http:\/\/www.triathlonlangognenaussac.fr\/wp-content\/uploads\/2023\/05\/Circulation-PAV.png 690w, http:\/\/www.triathlonlangognenaussac.fr\/wp-content\/uploads\/2023\/05\/Circulation-PAV-300x266.png 300w, http:\/\/www.triathlonlangognenaussac.fr\/wp-content\/uploads\/2023\/05\/Circulation-PAV-68x60.png 68w\" sizes=\"(max-width: 690px) 100vw, 690px\" \/><\/a><\/p>\n","protected":false},"excerpt":{"rendered":"<p>Voila le sens de circulation dans les parcs \u00e0 v\u00e9los.<\/p>\n","protected":false},"author":1,"featured_media":0,"parent":0,"menu_order":0,"comment_status":"closed","ping_status":"closed","template":"","meta":{"neve_meta_sidebar":"","neve_meta_container":"","neve_meta_enable_content_width":"","neve_meta_content_width":0,"neve_meta_title_alignment":"","neve_meta_author_avatar":"","neve_post_elements_order":"","neve_meta_disable_header":"","neve_meta_disable_footer":"","neve_meta_disable_title":"","_ti_tpc_template_sync":false,"_ti_tpc_template_id":"","footnotes":""},"_links":{"self":[{"href":"http:\/\/www.triathlonlangognenaussac.fr\/index.php?rest_route=\/wp\/v2\/pages\/133"}],"collection":[{"href":"http:\/\/www.triathlonlangognenaussac.fr\/index.php?rest_route=\/wp\/v2\/pages"}],"about":[{"href":"http:\/\/www.triathlonlangognenaussac.fr\/index.php?rest_route=\/wp\/v2\/types\/page"}],"author":[{"embeddable":true,"href":"http:\/\/www.triathlonlangognenaussac.fr\/index.php?rest_route=\/wp\/v2\/users\/1"}],"replies":[{"embeddable":true,"href":"http:\/\/www.triathlonlangognenaussac.fr\/index.php?rest_route=%2Fwp%2Fv2%2Fcomments&post=133"}],"version-history":[{"count":8,"href":"http:\/\/www.triathlonlangognenaussac.fr\/index.php?rest_route=\/wp\/v2\/pages\/133\/revisions"}],"predecessor-version":[{"id":1966,"href":"http:\/\/www.triathlonlangognenaussac.fr\/index.php?rest_route=\/wp\/v2\/pages\/133\/revisions\/1966"}],"wp:attachment":[{"href":"http:\/\/www.triathlonlangognenaussac.fr\/index.php?rest_route=%2Fwp%2Fv2%2Fmedia&parent=133"}],"curies":[{"name":"wp","href":"https:\/\/api.w.org\/{rel}","templated":true}]}}