{"id":1601,"date":"2017-07-25T15:26:17","date_gmt":"2017-07-25T15:26:17","guid":{"rendered":"http:\/\/www.triathlonlangognenaussac.fr\/?page_id=1601"},"modified":"2017-08-04T09:18:37","modified_gmt":"2017-08-04T09:18:37","slug":"galerie-photo-2017","status":"publish","type":"page","link":"http:\/\/www.triathlonlangognenaussac.fr\/?page_id=1601","title":{"rendered":"Galerie Photo 2017"},"content":{"rendered":"<p>Vous trouverez dans les onglets ci joints les photos des diff\u00e9rentes personnes pr\u00e9sentes pour immortaliser notre \u00e9preuve.<\/p>\n<p><a href=\"http:\/\/www.triathlonlangognenaussac.fr\/?page_id=1603\">Galerie N\u00b01 (JFC) S<\/a><\/p>\n<p><a href=\"http:\/\/www.triathlonlangognenaussac.fr\/?page_id=1607\">Galerie N\u00b02 (JFC) M<\/a><\/p>\n<p><a href=\"http:\/\/www.triathlonlangognenaussac.fr\/?page_id=1616\">Galerie N\u00b03 (JF) S et M<\/a><\/p>\n<p><a href=\"http:\/\/www.triathlonlangognenaussac.fr\/?page_id=1624\">Galerie 4 (RL) M<\/a><\/p>\n<p><a href=\"http:\/\/www.triathlonlangognenaussac.fr\/?page_id=1626\">Galerie 5 (MO) S et M<\/a><\/p>\n<p>Bon visionnage !!<\/p>\n<p>&nbsp;<\/p>\n","protected":false},"excerpt":{"rendered":"<p>Vous trouverez dans les onglets ci joints les photos des diff\u00e9rentes personnes pr\u00e9sentes pour immortaliser notre \u00e9preuve. Galerie N\u00b01 (JFC) S Galerie N\u00b02 (JFC) M Galerie N\u00b03 (JF) S et M Galerie 4 (RL) M Galerie 5 (MO) S et M Bon visionnage !! &nbsp;<\/p>\n","protected":false},"author":1,"featured_media":0,"parent":0,"menu_order":0,"comment_status":"closed","ping_status":"closed","template":"","meta":{"neve_meta_sidebar":"","neve_meta_container":"","neve_meta_enable_content_width":"","neve_meta_content_width":0,"neve_meta_title_alignment":"","neve_meta_author_avatar":"","neve_post_elements_order":"","neve_meta_disable_header":"","neve_meta_disable_footer":"","neve_meta_disable_title":"","_ti_tpc_template_sync":false,"_ti_tpc_template_id":"","footnotes":""},"_links":{"self":[{"href":"http:\/\/www.triathlonlangognenaussac.fr\/index.php?rest_route=\/wp\/v2\/pages\/1601"}],"collection":[{"href":"http:\/\/www.triathlonlangognenaussac.fr\/index.php?rest_route=\/wp\/v2\/pages"}],"about":[{"href":"http:\/\/www.triathlonlangognenaussac.fr\/index.php?rest_route=\/wp\/v2\/types\/page"}],"author":[{"embeddable":true,"href":"http:\/\/www.triathlonlangognenaussac.fr\/index.php?rest_route=\/wp\/v2\/users\/1"}],"replies":[{"embeddable":true,"href":"http:\/\/www.triathlonlangognenaussac.fr\/index.php?rest_route=%2Fwp%2Fv2%2Fcomments&post=1601"}],"version-history":[{"count":4,"href":"http:\/\/www.triathlonlangognenaussac.fr\/index.php?rest_route=\/wp\/v2\/pages\/1601\/revisions"}],"predecessor-version":[{"id":1630,"href":"http:\/\/www.triathlonlangognenaussac.fr\/index.php?rest_route=\/wp\/v2\/pages\/1601\/revisions\/1630"}],"wp:attachment":[{"href":"http:\/\/www.triathlonlangognenaussac.fr\/index.php?rest_route=%2Fwp%2Fv2%2Fmedia&parent=1601"}],"curies":[{"name":"wp","href":"https:\/\/api.w.org\/{rel}","templated":true}]}}