{"id":2798,"date":"2025-06-09T12:35:58","date_gmt":"2025-06-09T12:35:58","guid":{"rendered":"https:\/\/www.triathlonlangognenaussac.fr\/?page_id=2798"},"modified":"2026-03-14T17:58:20","modified_gmt":"2026-03-14T17:58:20","slug":"challenge-triathlon-des-2-lac","status":"publish","type":"page","link":"https:\/\/www.triathlonlangognenaussac.fr\/?page_id=2798","title":{"rendered":"CHALLENGE TRIATHLON DES 3 LACS"},"content":{"rendered":"<div class=\"wp-block-image\">\n<figure class=\"aligncenter size-full is-resized\"><a href=\"https:\/\/www.triathlonlangognenaussac.fr\/wp-content\/uploads\/2026\/03\/Logo-Challenge-3-lacs-retenu.jpg\"><img loading=\"lazy\" decoding=\"async\" width=\"394\" height=\"394\" src=\"https:\/\/www.triathlonlangognenaussac.fr\/wp-content\/uploads\/2026\/03\/Logo-Challenge-3-lacs-retenu.jpg\" alt=\"\" class=\"wp-image-2915\" style=\"width:226px;height:auto\" srcset=\"https:\/\/www.triathlonlangognenaussac.fr\/wp-content\/uploads\/2026\/03\/Logo-Challenge-3-lacs-retenu.jpg 394w, https:\/\/www.triathlonlangognenaussac.fr\/wp-content\/uploads\/2026\/03\/Logo-Challenge-3-lacs-retenu-300x300.jpg 300w, https:\/\/www.triathlonlangognenaussac.fr\/wp-content\/uploads\/2026\/03\/Logo-Challenge-3-lacs-retenu-150x150.jpg 150w\" sizes=\"(max-width: 394px) 100vw, 394px\" \/><\/a><\/figure><\/div>\n\n\n<p>Apr\u00e8s la r\u00e9ussite de la 1\u00e8re \u00e9dition du Challenge Triathlon des 2 Lacs avec les copains d&rsquo;AUBENAS TRIATHLON, nous avons d\u00e9cid\u00e9 de continuer l&rsquo;aventure ! Et vous savez quoi ? Comme on dit, jamais 2 sans 3 ! C&rsquo;est donc pour \u00e7a que le challenge des 2 Lacs devient le Challenge Triathlon des 3 Lacs !!! <\/p>\n\n\n\n<p>Le Tri Yssingeaux rejoint l&rsquo;aventure et nous sommes tr\u00e8s heureux de vous proposer ces 3 \u00e9preuves ! <\/p>\n\n\n\n<p>Trois triathlons dans trois d\u00e9partements voisins, trois fois trois \u00e9preuves pour trois fois plus de plaisir ! <\/p>\n\n\n\n<p>Au programme 3 triathlons M avec une m\u00eame passion et un m\u00eame esprit qui nous anime : la convivialit\u00e9 ! <\/p>\n\n\n\n<p>Rendez-vous au Lac d&rsquo;Issarl\u00e8s pour le Dimanche 28 Juin prochain pour la 1\u00e8re manche, le Samedi 4 Juillet pour le Triathlon des Sucs au barrage de Lavalette pour la seconde et enfin le Dimanche 19 Juillet \u00e0 Naussac pour la 3\u00e8me et derni\u00e8re \u00e9preuve  !<\/p>\n\n\n\n<p><\/p>\n\n\n\n<p>Inscriptions par ici : <a href=\"https:\/\/in.njuko.com\/altichrono_3lacs_2026\" target=\"_blank\" rel=\"noreferrer noopener\">https:\/\/in.njuko.com\/altichrono_3lacs_2026<\/a> <\/p>\n\n\n<div class=\"wp-block-image\">\n<figure class=\"aligncenter is-resized\"><img loading=\"lazy\" decoding=\"async\" width=\"1640\" height=\"924\" src=\"http:\/\/www.triathlonlangognenaussac.fr\/wp-content\/uploads\/2025\/06\/issarles.jpg\" alt=\"\" class=\"wp-image-2801\" style=\"width:932px;height:auto\" srcset=\"https:\/\/www.triathlonlangognenaussac.fr\/wp-content\/uploads\/2025\/06\/issarles.jpg 1640w, https:\/\/www.triathlonlangognenaussac.fr\/wp-content\/uploads\/2025\/06\/issarles-300x169.jpg 300w, https:\/\/www.triathlonlangognenaussac.fr\/wp-content\/uploads\/2025\/06\/issarles-1024x577.jpg 1024w, https:\/\/www.triathlonlangognenaussac.fr\/wp-content\/uploads\/2025\/06\/issarles-768x433.jpg 768w, https:\/\/www.triathlonlangognenaussac.fr\/wp-content\/uploads\/2025\/06\/issarles-1536x865.jpg 1536w\" sizes=\"(max-width: 1640px) 100vw, 1640px\" \/><\/figure><\/div>\n\n\n<p>Inscriptions sur : <\/p>\n\n\n\n<p><a href=\"https:\/\/www.triathlon-lac-issarles.fr\/\" target=\"_blank\" rel=\"noreferrer noopener\">https:\/\/www.triathlon-lac-issarles.fr\/ <\/a> <\/p>\n\n\n\n<p><a href=\"https:\/\/www.tryssingeaux.fr\/le-triathlon-des-sucs-a-yssingeaux43-c23\/inscription-au-triathlon-des-sucs-en-haute-loire-sr27.html\" target=\"_blank\" rel=\"noreferrer noopener\">https:\/\/www.tryssingeaux.fr<\/a><\/p>\n\n\n\n<p>N&rsquo;oubliez pas de cocher la case challenge pour prendre part aux 3 \u00e9preuves pour un tarif unique de 115\u20ac pour les licenci\u00e9s ! (3&#215;20\u20ac de Licences exp\u00e9riences en plus pour les non licenci\u00e9s) <\/p>\n\n\n\n<p>On esp\u00e8re vous voir nombreux sur nos 3 \u00e9preuves ! <\/p>\n\n\n\n<p><\/p>\n","protected":false},"excerpt":{"rendered":"<p>Apr\u00e8s la r\u00e9ussite de la 1\u00e8re \u00e9dition du Challenge Triathlon des 2 Lacs avec les copains d&rsquo;AUBENAS TRIATHLON, nous avons d\u00e9cid\u00e9 de continuer l&rsquo;aventure ! Et vous savez quoi ? Comme on dit, jamais 2 sans 3 ! C&rsquo;est donc pour \u00e7a que le challenge des 2 Lacs devient le Challenge Triathlon des 3 Lacs&hellip;&nbsp;<a href=\"https:\/\/www.triathlonlangognenaussac.fr\/?page_id=2798\" class=\"\" rel=\"bookmark\">Lire la suite &raquo;<span class=\"screen-reader-text\">CHALLENGE TRIATHLON DES 3 LACS<\/span><\/a><\/p>\n","protected":false},"author":1,"featured_media":0,"parent":0,"menu_order":0,"comment_status":"closed","ping_status":"closed","template":"","meta":{"neve_meta_sidebar":"","neve_meta_container":"","neve_meta_enable_content_width":"","neve_meta_content_width":0,"neve_meta_title_alignment":"","neve_meta_author_avatar":"","neve_post_elements_order":"","neve_meta_disable_header":"","neve_meta_disable_footer":"","neve_meta_disable_title":"","_ti_tpc_template_sync":false,"_ti_tpc_template_id":"","footnotes":""},"_links":{"self":[{"href":"https:\/\/www.triathlonlangognenaussac.fr\/index.php?rest_route=\/wp\/v2\/pages\/2798"}],"collection":[{"href":"https:\/\/www.triathlonlangognenaussac.fr\/index.php?rest_route=\/wp\/v2\/pages"}],"about":[{"href":"https:\/\/www.triathlonlangognenaussac.fr\/index.php?rest_route=\/wp\/v2\/types\/page"}],"author":[{"embeddable":true,"href":"https:\/\/www.triathlonlangognenaussac.fr\/index.php?rest_route=\/wp\/v2\/users\/1"}],"replies":[{"embeddable":true,"href":"https:\/\/www.triathlonlangognenaussac.fr\/index.php?rest_route=%2Fwp%2Fv2%2Fcomments&post=2798"}],"version-history":[{"count":5,"href":"https:\/\/www.triathlonlangognenaussac.fr\/index.php?rest_route=\/wp\/v2\/pages\/2798\/revisions"}],"predecessor-version":[{"id":2916,"href":"https:\/\/www.triathlonlangognenaussac.fr\/index.php?rest_route=\/wp\/v2\/pages\/2798\/revisions\/2916"}],"wp:attachment":[{"href":"https:\/\/www.triathlonlangognenaussac.fr\/index.php?rest_route=%2Fwp%2Fv2%2Fmedia&parent=2798"}],"curies":[{"name":"wp","href":"https:\/\/api.w.org\/{rel}","templated":true}]}}

<div class="wp-block-image">
<figure class="aligncenter size-full is-resized"><a href="https://www.triathlonlangognenaussac.fr/wp-content/uploads/2026/03/Logo-Challenge-3-lacs-retenu.jpg"><img loading="lazy" decoding="async" width="394" height="394" src="https://www.triathlonlangognenaussac.fr/wp-content/uploads/2026/03/Logo-Challenge-3-lacs-retenu.jpg" alt="" class="wp-image-2915" style="width:226px;height:auto" srcset="https://www.triathlonlangognenaussac.fr/wp-content/uploads/2026/03/Logo-Challenge-3-lacs-retenu.jpg 394w, https://www.triathlonlangognenaussac.fr/wp-content/uploads/2026/03/Logo-Challenge-3-lacs-retenu-300x300.jpg 300w, https://www.triathlonlangognenaussac.fr/wp-content/uploads/2026/03/Logo-Challenge-3-lacs-retenu-150x150.jpg 150w" sizes="(max-width: 394px) 100vw, 394px" /></a></figure></div>


<p>Après la réussite de la 1ère édition du Challenge Triathlon des 2 Lacs avec les copains d&rsquo;AUBENAS TRIATHLON, nous avons décidé de continuer l&rsquo;aventure ! Et vous savez quoi ? Comme on dit, jamais 2 sans 3 ! C&rsquo;est donc pour ça que le challenge des 2 Lacs devient le Challenge Triathlon des 3 Lacs !!! </p>



<p>Le Tri Yssingeaux rejoint l&rsquo;aventure et nous sommes très heureux de vous proposer ces 3 épreuves ! </p>



<p>Trois triathlons dans trois départements voisins, trois fois trois épreuves pour trois fois plus de plaisir ! </p>



<p>Au programme 3 triathlons M avec une même passion et un même esprit qui nous anime : la convivialité ! </p>



<p>Rendez-vous au Lac d&rsquo;Issarlès pour le Dimanche 28 Juin prochain pour la 1ère manche, le Samedi 4 Juillet pour le Triathlon des Sucs au barrage de Lavalette pour la seconde et enfin le Dimanche 19 Juillet à Naussac pour la 3ème et dernière épreuve  !</p>



<p></p>



<p>Inscriptions par ici : <a href="https://in.njuko.com/altichrono_3lacs_2026" target="_blank" rel="noreferrer noopener">https://in.njuko.com/altichrono_3lacs_2026</a> </p>


<div class="wp-block-image">
<figure class="aligncenter is-resized"><img loading="lazy" decoding="async" width="1640" height="924" src="http://www.triathlonlangognenaussac.fr/wp-content/uploads/2025/06/issarles.jpg" alt="" class="wp-image-2801" style="width:932px;height:auto" srcset="https://www.triathlonlangognenaussac.fr/wp-content/uploads/2025/06/issarles.jpg 1640w, https://www.triathlonlangognenaussac.fr/wp-content/uploads/2025/06/issarles-300x169.jpg 300w, https://www.triathlonlangognenaussac.fr/wp-content/uploads/2025/06/issarles-1024x577.jpg 1024w, https://www.triathlonlangognenaussac.fr/wp-content/uploads/2025/06/issarles-768x433.jpg 768w, https://www.triathlonlangognenaussac.fr/wp-content/uploads/2025/06/issarles-1536x865.jpg 1536w" sizes="(max-width: 1640px) 100vw, 1640px" /></figure></div>


<p>Inscriptions sur : </p>



<p><a href="https://www.triathlon-lac-issarles.fr/" target="_blank" rel="noreferrer noopener">https://www.triathlon-lac-issarles.fr/ </a> </p>



<p><a href="https://www.tryssingeaux.fr/le-triathlon-des-sucs-a-yssingeaux43-c23/inscription-au-triathlon-des-sucs-en-haute-loire-sr27.html" target="_blank" rel="noreferrer noopener">https://www.tryssingeaux.fr</a></p>



<p>N&rsquo;oubliez pas de cocher la case challenge pour prendre part aux 3 épreuves pour un tarif unique de 115€ pour les licenciés ! (3&#215;20€ de Licences expériences en plus pour les non licenciés) </p>



<p>On espère vous voir nombreux sur nos 3 épreuves ! </p>



<p></p>

<p>Après la réussite de la 1ère édition du Challenge Triathlon des 2 Lacs avec les copains d&rsquo;AUBENAS TRIATHLON, nous avons décidé de continuer l&rsquo;aventure ! Et vous savez quoi ? Comme on dit, jamais 2 sans 3 ! C&rsquo;est donc pour ça que le challenge des 2 Lacs devient le Challenge Triathlon des 3 Lacs&hellip;&nbsp;<a href="https://www.triathlonlangognenaussac.fr/?page_id=2798" class="" rel="bookmark">Lire la suite &raquo;<span class="screen-reader-text">CHALLENGE TRIATHLON DES 3 LACS</span></a></p>
