{"id":418,"date":"2016-07-25T10:02:20","date_gmt":"2016-07-25T10:02:20","guid":{"rendered":"http:\/\/www.triathlonlangognenaussac.fr\/?page_id=418"},"modified":"2016-07-25T10:07:44","modified_gmt":"2016-07-25T10:07:44","slug":"resultats-2016","status":"publish","type":"page","link":"https:\/\/www.triathlonlangognenaussac.fr\/?page_id=418","title":{"rendered":"R\u00e9sultats 2016"},"content":{"rendered":"<p>Bonjour,<\/p>\n<p>Merci \u00e0 tous pour votre bonne humeur et votre participation \u00e0 cette 2\u00e8me \u00e9dition du Cross Triathlon.<\/p>\n<p>Merci \u00e9galement \u00e0 tous les b\u00e9n\u00e9voles qui ont permis le succ\u00e8s de l&rsquo;\u00e9preuve et sans qui rien ne serait possible. Un merci particulier aux 3 pilotes du Moto Verte Haute Loz\u00e8re.<\/p>\n<p>Merci aux Mairies d&rsquo;Auroux, Langogne et Naussac,\u00a0ainsi qu&rsquo;\u00e0 la Communaut\u00e9 de Communes du Haut Allier et au conseil D\u00e9partemental de la Loz\u00e8re pour leur aide mat\u00e9rielle et financi\u00e8re.<\/p>\n<p>Merci \u00e0 l&rsquo;EPL et aux particuliers pour les autorisations de passage qui ont permis d&rsquo;avoir un cadre exceptionnel pour ce triathlon.<\/p>\n<p>Merci \u00e0 Plan\u00e8t&rsquo;2 Roues, Bicibox, Boucherie Laget, Interfruit, Secret de Cacao et \u00e0 tous ceux qui nous ont aid\u00e9.<\/p>\n<p>Merci \u00e0 la ligue de triathlon, aux arbitres et au chronom\u00e9treur pour leur travail.<\/p>\n<p>&nbsp;<\/p>\n<p>Voila donc les r\u00e9sultats des \u00e9preuves. Les photos viendront prochainement.<\/p>\n<p>Bonne continuation et \u00e0 l&rsquo;ann\u00e9e prochaine<\/p>\n<p><a href=\"http:\/\/www.triathlonlangognenaussac.fr\/wp-content\/uploads\/2016\/07\/Triathlon-de-Langogne-M.pdf\">Triathlon de Langogne M<\/a><\/p>\n<p><a href=\"http:\/\/www.triathlonlangognenaussac.fr\/wp-content\/uploads\/2016\/07\/Triathlon-de-Langogne-S-Relais.pdf\">T<\/a><a href=\"http:\/\/www.triathlonlangognenaussac.fr\/wp-content\/uploads\/2016\/07\/Triathlon-de-Langogne-S-Relais.pdf\">riathlon de Langogne S Relais<\/a><\/p>\n<p><a href=\"http:\/\/www.triathlonlangognenaussac.fr\/wp-content\/uploads\/2016\/07\/Triathlon-de-Langogne-S.pdf\">Triathlon de Langogne S<\/a><\/p>\n<p>&nbsp;<\/p>\n","protected":false},"excerpt":{"rendered":"<p>Bonjour, Merci \u00e0 tous pour votre bonne humeur et votre participation \u00e0 cette 2\u00e8me \u00e9dition du Cross Triathlon. Merci \u00e9galement \u00e0 tous les b\u00e9n\u00e9voles qui ont permis le succ\u00e8s de l&rsquo;\u00e9preuve et sans qui rien ne serait possible. Un merci particulier aux 3 pilotes du Moto Verte Haute Loz\u00e8re. Merci aux Mairies d&rsquo;Auroux, Langogne et&hellip;&nbsp;<a href=\"https:\/\/www.triathlonlangognenaussac.fr\/?page_id=418\" class=\"\" rel=\"bookmark\">Lire la suite &raquo;<span class=\"screen-reader-text\">R\u00e9sultats 2016<\/span><\/a><\/p>\n","protected":false},"author":1,"featured_media":0,"parent":0,"menu_order":0,"comment_status":"closed","ping_status":"closed","template":"","meta":{"neve_meta_sidebar":"","neve_meta_container":"","neve_meta_enable_content_width":"","neve_meta_content_width":0,"neve_meta_title_alignment":"","neve_meta_author_avatar":"","neve_post_elements_order":"","neve_meta_disable_header":"","neve_meta_disable_footer":"","neve_meta_disable_title":"","_ti_tpc_template_sync":false,"_ti_tpc_template_id":"","footnotes":""},"_links":{"self":[{"href":"https:\/\/www.triathlonlangognenaussac.fr\/index.php?rest_route=\/wp\/v2\/pages\/418"}],"collection":[{"href":"https:\/\/www.triathlonlangognenaussac.fr\/index.php?rest_route=\/wp\/v2\/pages"}],"about":[{"href":"https:\/\/www.triathlonlangognenaussac.fr\/index.php?rest_route=\/wp\/v2\/types\/page"}],"author":[{"embeddable":true,"href":"https:\/\/www.triathlonlangognenaussac.fr\/index.php?rest_route=\/wp\/v2\/users\/1"}],"replies":[{"embeddable":true,"href":"https:\/\/www.triathlonlangognenaussac.fr\/index.php?rest_route=%2Fwp%2Fv2%2Fcomments&post=418"}],"version-history":[{"count":1,"href":"https:\/\/www.triathlonlangognenaussac.fr\/index.php?rest_route=\/wp\/v2\/pages\/418\/revisions"}],"predecessor-version":[{"id":422,"href":"https:\/\/www.triathlonlangognenaussac.fr\/index.php?rest_route=\/wp\/v2\/pages\/418\/revisions\/422"}],"wp:attachment":[{"href":"https:\/\/www.triathlonlangognenaussac.fr\/index.php?rest_route=%2Fwp%2Fv2%2Fmedia&parent=418"}],"curies":[{"name":"wp","href":"https:\/\/api.w.org\/{rel}","templated":true}]}}